97.
93
What is the remainder when 461 is divided by 33?
32
What is the remainder when 217 is divided by 11?
8
Calculate the remainder when 119 is divided by 25.
19
Calculate the remainder when 310 is divided by 143.
24
Calculate the remainder when 49 is divided by 13.
10
Calculate the remainder when 449 is divided by 91.
85
Calculate the remainder when 201 is divided by 34.
31
What is the remainder when 106 is divided by 19?
11
What is the remainder when 139 is divided by 70?
69
Calculate the remainder when 31 is divided by 11.
9
What is the remainder when 50 is divided by 28?
22
Calculate the remainder when 162 is divided by 11.
8
What is the remainder when 2512 is divided by 34?
30
Calculate the remainder when 3838 is divided by 160.
158
Calculate the remainder when 141 is divided by 36.
33
What is the remainder when 12479 is divided by 416?
415
What is the remainder when 547 is divided by 25?
22
Calculate the remainder when 2663 is divided by 294.
17
Calculate the remainder when 1271 is divided by 209.
17
What is the remainder when 206 is divided by 113?
93
Calculate the remainder when 13749 is divided by 24.
21
Calculate the remainder when 292 is divided by 23.
16
Calculate the remainder when 1095 is divided by 122.
119
Calculate the remainder when 790 is divided by 61.
58
What is the remainder when 65 is divided by 17?
14
Calculate the remainder when 114 is divided by 58.
56
What is the remainder when 5 is divided by 1?
0
What is the remainder when 590 is divided by 54?
50
What is the remainder when 2081 is divided by 295?
16
Calculate the remainder when 6423 is divided by 44.
43
What is the remainder when 242 is divided by 25?
17
Calculate the remainder when 311 is divided by 45.
41
Calculate the remainder when 1753 is divided by 195.
193
What is the remainder when 595 is divided by 318?
277
Calculate the remainder when 250 is divided by 23.
20
Calculate the remainder when 128 is divided by 39.
11
Calculate the remainder when 673 is divided by 144.
97
Calculate the remainder when 132 is divided by 46.
40
What is the remainder when 99 is divided by 8?
3
Calculate the remainder when 1180 is divided by 391.
7
What is the remainder when 522 is divided by 21?
18
What is the remainder when 926 is divided by 126?
44
What is the remainder when 417 is divided by 35?
32
Calculate the remainder when 404 is divided by 24.
20
What is the remainder when 522 is divided by 71?
25
What is the remainder when 194 is divided by 185?
9
What is the remainder when 111 is divided by 38?
35
Calculate the remainder when 248 is divided by 144.
104
What is the remainder when 421 is divided by 14?
1
Calculate the remainder when 2295 is divided by 77.
62
Calculate the remainder when 103 is divided by 18.
13
What is the remainder when 3077 is divided by 44?
41
Calculate the remainder when 235 is divided by 63.
46
What is the remainder when 3282 is divided by 3?
0
Calculate the remainder when 73 is divided by 31.
11
Calculate the remainder when 549 is divided by 19.
17
What is the remainder when 329 is divided by 57?
44
What is the remainder when 440 is divided by 90?
80
Calculate the remainder when 1228 is divided by 82.
80
What is the remainder when 133 is divided by 49?
35
What is the remainder when 56 is divided by 55?
1
Calculate the remainder when 281 is divided by 29.
20
Calculate the remainder when 1236 is divided by 155.
151
Calculate the remainder when 406 is divided by 138.
130
What is the remainder when 140 is divided by 62?
16
Calculate the remainder when 6508 is divided by 93.
91
Calculate the remainder when 58 is divided by 15.
13
Calculate the remainder when 5 is divided by 1.
0
What is the remainder when 836 is divided by 31?
30
Calculate the remainder when 561 is divided by 546.
15
What is the remainder when 1042 is divided by 11?
8
What is the remainder when 35 is divided by 14?
7
Calculate the remainder when 741 is divided by 245.
6
Calculate the remainder when 7711 is divided by 29.
26
Calculate the remainder when 5687 is divided by 12.
11
Calculate the remainder when 7 is divided by 4.
3
Calculate the remainder when 778 is divided by 113.
100
Calculate the remainder when 142 is divided by 42.
16
Calculate the remainder when 261 is divided by 14.
9
What is the remainder when 34 is divided by 7?
6
What is the remainder when 137 is divided by 63?
11
What is the remainder when 82 is divided by 48?
34
Calculate the remainder when 3341 is divided by 44.
41
Calculate the remainder when 180 is divided by 23.
19
What is the remainder when 216 is divided by 34?
12
What is the remainder when 13588 is divided by 30?
28
Calculate the remainder when 322 is divided by 13.
10
What is the remainder when 1433 is divided by 19?
8
What is the remainder when 39 is divided by 16?
7
What is the remainder when 564 is divided by 95?
89
What is the remainder when 36 is divided by 8?
4
Calculate the remainder when 1737 is divided by 69.
12
Calculate the remainder when 2507 is divided by 11.
10
What is the remainder when 964 is divided by 8?
4
What is the remainder when 252 is divided by 11?
10
What is the remainder when 617 is divided by 187?
56
What is the remainder when 54 is divided by 10?
4
What is the remainder when 44 is divided by 28?
16
What is the remainder when 828 is divided by 35?
23
What is the remainder when 24 is divided by 18?
6
What is the remainder when 86 is divided by 27?
5
What is the remainder when 88 is divided by 15?
13
What is the remainder when 232 is divided by 39?
37
Calculate the remainder when 1805 is divided by 39.
11
What is the remainder when 9520 is divided by 100?
20
Calculate the remainder when 42 is divided by 5.
2
Calculate the remainder when 351 is divided by 32.
31
What is the remainder when 306 is divided by 58?
16
Calculate the remainder when 1215 is divided by 64.
63
What is the remainder when 3233 is divided by 33?
32
Calculate the remainder when 261 is divided by 24.
21
What is the remainder when 30 is divided by 12?
6
Calculate the remainder when 300 is divided by 1.
0
What is the remainder when 4058 is divided by 48?
26
Calculate the remainder when 81 is divided by 63.
18
Calculate the remainder when 773 is divided by 23.
14
Calculate the remainder when 580 is divided by 206.
168
What is the remainder when 2329 is divided by 1164?
1
What is the remainder when 283 is divided by 22?
19
Calculate the remainder when 2527 is divided by 110.
107
What is the remainder when 70 is divided by 2?
0
What is the remainder when 252 is divided by 184?
68
Calculate the remainder when 181 is divided by 45.
1
Calculate the remainder when 183 is divided by 59.
6
What is the remainder when 1143 is divided by 24?
15
Calculate the remainder when 1267 is divided by 8.
3
Calculate the remainder when 543 is divided by 16.
15
Calculate the remainder when 4311 is divided by 1437.
0
Calculate the remainder when 1496 is divided by 50.
46
What is the remainder when 207 is divided by 11?
9
What is the remainder when 2115 is divided by 10?
5
Calculate the remainder when 53 is divided by 11.
9
What is the remainder when 187 is divided by 32?
27
Calculate the remainder when 301 is divided by 8.
5
What is the remainder when 1342 is divided by 123?
112
What is the remainder when 68 is divided by 68?
0
What is the remainder when 258 is divided by 44?
38
What is the remainder when 220 is divided by 113?
107
Calculate the remainder when 24766 is divided by 47.
44
What is the remainder when 142 is divided by 70?
2
Calculate the remainder when 21 is divided by 2.
1
What is the remainder when 6705 is divided by 420?
405
What is the remainder when 21 is divided by 19?
2
What is the remainder when 35 is divided by 14?
7
Calculate the remainder when 461 is divided by 76.
5
Calculate the remainder when 2725 is divided by 114.
103
What is the remainder when 429 is divided by 60?
9
Calculate the remainder when 177 is divided by 3.
0
What is the remainder when 192 is divided by 2?
0
What is the remainder when 254 is divided by 38?
26
Calculate the remainder when 344 is divided by 321.
23
What is the remainder when 11010 is divided by 72?
66
What is the remainder when 146 is divided by 52?
42
What is the remainder when 733 is divided by 107?
91
Calculate the remainder whe